 44*x**2 - 72*x + 28. Calculate l(-2).
-44
Let y(a) = a**3 - 149*a**2 + 301*a - 67572. What is y(150)?
78
Let p(l) = -l**3 + 87*l**2 - 1519*l + 444. What is p(63)?
3
Let n(z) = z**3 + 398*z**2 - 5431*z + 1138. Calculate n(13).
-6
Let h(r) = 704*r + 146103. What is h(-207)?
375
Let l(r) = -725061*r + 26102204. Calculate l(36).
8
Let r(d) = -4*d**2 + 202*d + 3433. What is r(64)?
-23
Let s(x) = 2*x**2 - 107*x + 311. Give s(44).
-525
Let l(x) = -49*x - 2724. What is l(-38)?
-862
Let n(b) = 53*b**3 + 9*b**2 - 301*b + 294. Calculate n(1).
55
Let u(p) = 14*p - 243. What is u(-47)?
-901
Let l(u) = u**3 + 523*u**2 - 6440*u - 42. Determine l(12).
-282
Let m(i) = -i**2 - 62*i + 4388. Calculate m(-108).
-580
Let m(c) = 2*c**3 - 40*c**2 + 49*c - 102. Give m(18).
-516
Let z(y) = -2448*y + 24529. Give z(10).
49
Let n(m) = -30*m**2 + 8288*m + 14447. Give n(278).
-9
Let f(m) = -m**2 - 18267*m - 182597. Determine f(-10).
-27
Let l(f) = -515*f + 46844. Determine l(91).
-21
Let t(z) = 3*z**2 - 123*z - 71. Give t(33).
-863
Let x(p) = 10*p**3 + 15*p**2 - 6*p + 290. Give x(-8).
-3822
Let i(f) = 18*f**3 - 3*f**2 - 417*f + 418. Calculate i(1).
16
Let s(t) = 1134*t - 95234. What is s(84)?
22
Let b(n) = -1919*n - 63. Calculate b(1).
-1982
Let z(n) = -27616*n - 55222. Give z(-2).
10
Let q(v) = 3*v**3 + 25*v**2 + 9*v + 29. Determine q(5).
1074
Let j(f) = 2768*f**2 + 168857*f + 547. What is j(-61)?
-2
Let j(z) = -698*z - 161799. Calculate j(-231).
-561
Let w(r) = -1350*r - 533828. Give w(-396).
772
Let i(m) = m**3 - 43*m**2 - 11*m + 2347. Determine i(8).
19
Let u(n) = 18529*n + 92663. Determine u(-5).
18
Let v(x) = x**2 - 39*x - 2504. Calculate v(72).
-128
Let n(j) = -14343*j + 1348380. Give n(94).
138
Let f(v) = 31418*v + 4461362. Determine f(-142).
6
Let h(g) = g**2 + 66*g - 7919. Give h(-105).
-3824
Let q(h) = -36074*h + 1911934. What is q(53)?
12
Let z(j) = 269*j**2 - 4929*j + 1599. Determine z(18).
33
Let s(k) = 4627*k - 74049. Determine s(16).
-17
Let h(r) = -9*r**3 - r**2 - 516*r - 2586. Calculate h(-5).
1094
Let v(b) = b**3 + 22*b**2 - 4850*b + 17693. Calculate v(-83).
14
Let v(b) = 9085*b + 663201. Determine v(-73).
-4
Let w(k) = 26411*k - 1795928. What is w(68)?
20
Let k(t) = -486*t - 15039. Determine k(-31).
27
Let r(v) = 2*v**2 + 2671*v + 153113. What is r(-60)?
53
Let m(c) = 29*c**3 - 35*c**2 + 25*c + 9. Give m(1).
28
Let h(f) = -288712*f - 866142. What is h(-3)?
-6
Let f(k) = 885*k - 15155. Determine f(18).
775
Let r(z) = -317*z + 2851. Calculate r(9).
-2
Let r(u) = -u**3 - 1331*u**2 - 52888*u + 83. Give r(-41).
1
Let a(t) = -1407*t**2 - 589534*t - 453. Calculate a(-419).
-34
Let n(b) = 2*b**3 + 222*b**2 - 3465*b + 4371. Determine n(-125).
-4
Let m(g) = 1700*g + 32456. What is m(-16)?
5256
Let t(j) = 2*j**2 + 10134*j + 846925. Give t(-85).
-15
Let h(k) = -433*k + 16461. What is h(39)?
-426
Let x(l) = -2*l**2 - 310*l - 1860. Calculate x(-148).
212
Let a(u) = -98130*u - 98149. Calculate a(-1).
-19
Let z(q) = -10807*q - 172992. Determine z(-16).
-80
Let g(z) = 78*z**2 + 334*z + 40. What is g(-7)?
1524
Let s(u) = 40*u**2 - 3575*u + 79848. Determine s(44).
-12
Let v(a) = -2*a**3 - 28*a**2 - 19*a + 590. Give v(-14).
856
Let z(t) = -382544*t - 1912742. Determine z(-5).
-22
Let d(l) = 2*l**3 - 101*l**2 - 2384*l + 330. Determine d(68).
58
Let t(d) = 2*d**2 + 232*d + 1782. What is t(-108)?
54
Let s(h) = h**3 - 148*h**2 - 3339*h + 421. Give s(-20).
1
Let i(n) = -75*n - 2501. Calculate i(-33).
-26
Let j(o) = 509*o - 236167. Calculate j(464).
9
Let h(l) = 9*l**3 + 61*l**2 - 94*l - 779. Calculate h(-7).
-219
Let f(q) = -716*q - 135291. What is f(-189)?
33
Let w(d) = -77268*d - 1158998. Calculate w(-15).
22
Let d(c) = 6*c**2 + 80*c - 284. Calculate d(-16).
-28
Let f(g) = -g**3 + 69*g**2 + 315*g + 7. Determine f(-4).
-85
Let w(l) = -3*l**2 + 1324*l - 108669. What is w(109)?
4
Let g(a) = a**2 - 917*a + 107125. Determine g(138).
-377
Let w(j) = j**2 + 461*j - 8917. Determine w(18).
-295
Let u(j) = 2697*j - 32281. Give u(12).
83
Let d(q) = q**2 + 2324*q - 1570438. Calculate d(547).
-1
Let a(t) = -156*t - 43010. Determine a(-277).
202
Let n(b) = b**3 - 24*b**2 + 10448*b - 240001. Determine n(23).
-226
Let l(z) = -z**2 + 32*z + 536. What is l(42)?
116
Let x(q) = -1249*q**2 - 66189*q + 430. Determine x(-53).
6
Let b(v) = -5*v**2 - 623*v + 1634. Give b(-130).
-1876
Let l(y) = -12607*y - 100767. What is l(-8)?
89
Let z(a) = 179*a + 1336. Give z(-7).
83
Let t(p) = -411*p**2 + 40287*p + 7. What is t(98)?
889
Let g(c) = 1539*c**2 - 16919*c - 138. Determine g(11).
-28
Let a(s) = -1123*s - 7761. Give a(-7).
100
Let l(r) = -311762*r + 311763. Calculate l(1).
1
Let w(x) = -6381*x + 19165. Calculate w(3).
22
Let j(w) = -102*w + 12260. Calculate j(130).
-1000
Let t(n) = 441*n**2 + 93046*n - 1047. Determine t(-211).
8
Let w(s) = -3*s**3 + 135*s**2 - 15*s + 380. Determine w(45).
-295
Let d(t) = 72*t**2 + 3817*t + 26788. What is d(-7)?
3597
Let c(s) = 1145*s - 105322. Calculate c(92).
18
Let m(w) = -167629*w - 57496751. Give m(-343).
-4
Let h(t) = 1750*t**2 - 152246*t - 352. Give h(87).
-4
Let f(y) = 203*y + 24460. Calculate f(-121).
-103
Let d(b) = 2*b**3 + 44*b**2 - 785*b - 17034. Determine d(-23).
-37
Let h(l) = 130*l**2 + 7802*l + 116. Determine h(-60).
-4
Let z(r) = -r**3 - 12*r**2 - 19*r - 399. Calculate z(-13).
17
Let b(o) = 284*o + 3408. What is b(-13)?
-284
Let g(r) = 361*r + 291. Give g(0).
291
Let m(j) = -192*j**2 - 454*j + 1794. Give m(4).
-3094
Let o(r) = 16418*r + 98436. Give o(-6).
-72
Let n(d) = -4*d**2 + 60361*d - 1145449. Determine n(19).
-34
Let m(i) = -i**3 - 3*i**2 - 19*i + 413. Give m(0).
413
Let g(u) = 55*u - 5335. Determine g(75).
-1210
Let x(s) = -3*s**2 - 133*s - 1486. Determine x(-21).
-16
Let q(t) = 13*t**3 + 16*t**2 + 31*t - 17. Determine q(6).
3553
Let z(x) = 129*x - 1958. Calculate z(23).
1009
Let r(h) = h**3 + 146*h**2 + 401*h - 4042. Calculate r(-143).
-38
Let m(o) = -o**3 + 14636*o**2 + 117156*o + 8. Calculate m(-8).
-24
Let m(g) = -13205*g + 223970. Calculate m(17).
-515
Let i(k) = -k**3 + 4675*k**2 - 722399*k - 157. Calculate i(160).
3
Let c(z) = 19*z**2 + 69*z + 285. Calculate c(-4).
313
Let n(k) = -324975*k + 1949841. Calculate n(6).
-9
Let m(u) = -3*u**3 - 74*u**2 - 193*u - 4080. Give m(-23).
-2286
Let c(y) = 12*y**2 + 24*y + 46. Determine c(-2).
46
Let q(r) = 1684*r + 128016. Give q(-76).
32
Let q(x) = 1163*x + 29855. What is q(-25)?
780
Let s(i) = -47*i**2 + 282*i - 43. Give s(8).
-795
Let p(t) = t**3 + 88*t**2 + 1849*t - 9. What is p(-44)?
3819
Let x(r) = -r**2 + 3*r + 11180. Determine x(108).
-160
Let c(k) = -80*k - 9120. Determine c(-117).
240
Let h(y) = -y**3 - 634*y**2 - 10476*y + 8017. Calculate h(-617).
-4
Let d(b) = b**2 - 2697*b - 73626. Give d(-27).
-78
Let l(k) = -k**3 + 80*k**2 - 245*k + 286. Calculate l(77).
-792
Let d(j) = -8252*j + 387844. Give d(47).
0
Let y(m) = -9*m**2 - 1517*m + 103. Calculate y(-169).
-573
Let y(a) = -a**3 + 54*a**2 + 8298*a + 114. Give y(-68).
-22
Let g(w) = 244*w - 1937. Calculate g(5).
-717
Let g(o) = 2825*o - 39571. What is g(14)?
-21
Let m(c) = -3066*c - 52143. Give m(-17).
-21
Let v(y) = 3749*y + 26309. Calculate v(-7).
66
Let q(l) = 17*l - 52. What is q(4)?
16
Let f(r) = -r**3 - 45*r**2 + 103*r - 8. What is f(2)?
10
Let o(d) = -2*d**3 + 13*d**2 + 28*d + 41. Calculate o(9).
-112
Let y(v) = -3*v**3 - 16*v**2 - 36*v - 96. Determine y(-5).
59
Let p(u) = u**3 - 148*u**2 - 484*u + 4682. What is p(151)?
1
Let q(g) = g**2 + 300*g + 4633. What is q(-279)?
-1226
Let u(a) = -2*a**3 + 3*a**2 - 663*a + 5241. What is u(8)?
-895
Let q(t) = -t**2 + 231*t + 12323. Calculate q(-44).
223
Let q(b) = 922*b**2 + 8151*b + 18. Give q(-9).
1341
Let c(n) = n**2 + 661*n + 93905. Calculate c(-206).
175
Let r(c) = -60*c**3 + 1073*c**2 - 16*c - 20. What is r(18)?
-2576
Let q(y) = -y**3 - 21*y**2 + 35*y - 151. Determine q(-22).
-437
Let c(x) = -80*x**2 - 8303*x + 1911. Determine c(-104).
143
Let p(k) = -k**3 + 109*k**2 - 2576*k - 1022. Give p(74).
14
Let g(m) = 15752*m - 1984749. Calculate g(126).
3
Let d(r) = 3*r**2 - 26464*r - 317986. Calculate d(-12).
14
Let z(b) = 4*b**2 + 2283*b + 58703. Give z(-27).
-22
Let s(l) = l**3 - 63*l**2 - 78*l + 4908. Give s(63).
-6
Let k(o) = 13*o**2 - 519*o + 437. Determine k(39).
-31
Let y(x) = -2*x**3